{"id":5,"date":"2021-01-02T17:53:08","date_gmt":"2021-01-02T16:53:08","guid":{"rendered":"http:\/\/matransitionecologique.fr\/?page_id=5"},"modified":"2021-01-02T17:53:08","modified_gmt":"2021-01-02T16:53:08","slug":"je-commence-par-quoi","status":"publish","type":"page","link":"https:\/\/matransitionecologique.fr\/index.php\/je-commence-par-quoi\/","title":{"rendered":"Je commence par quoi ?"},"content":{"rendered":"\n<p>Consommer local  et de saison !!<\/p>\n\n\n\n<p>Des produits fran\u00e7ais cultiv\u00e9s au plus proche de chez vous. Des tomates cerises en d\u00e9cembre&#8230;. \ud83e\udd14 Du melon en janvier \ud83d\ude31<\/p>\n\n\n\n<p>\u00c9viter les emballages en plastique !<\/p>\n\n\n\n<p>Car non, malheureusement ils ne sont pas tous recycl\u00e9s m\u00eame si vous les mettez dans la bonne poubelle.<\/p>\n\n\n\n<p>Essayez de commencer par un savon et un shampoing solide \ud83d\ude09<\/p>\n\n\n\n<p>Mangez moins de viande !<\/p>\n\n\n\n<p>L&#8217;\u00e9levage intensif en b\u00e9tail n\u00e9cessite \u00e9norm\u00e9ment d&#8217;eau, de surface, d&#8217;engrais et d&#8217;\u00e9nergie&#8230;\u00a0<strong>Sans compter que l&#8217;\u00e9levage est la source n\u00b01 des \u00e9missions de gaz \u00e0 effet de serre dans le monde.\u00a0<\/strong><\/p>\n","protected":false},"excerpt":{"rendered":"<p>Consommer local et de saison !! Des produits fran\u00e7ais cultiv\u00e9s au plus proche de chez vous. Des tomates cerises en d\u00e9cembre&#8230;. \ud83e\udd14 Du melon en janvier \ud83d\ude31 \u00c9viter les emballages en plastique ! Car non, malheureusement ils ne sont pas tous recycl\u00e9s m\u00eame si vous les mettez dans la bonne poubelle. Essayez de commencer par [&hellip;]<\/p>\n","protected":false},"author":1,"featured_media":0,"parent":0,"menu_order":0,"comment_status":"closed","ping_status":"closed","template":"","meta":[],"_links":{"self":[{"href":"https:\/\/matransitionecologique.fr\/index.php\/wp-json\/wp\/v2\/pages\/5"}],"collection":[{"href":"https:\/\/matransitionecologique.fr\/index.php\/wp-json\/wp\/v2\/pages"}],"about":[{"href":"https:\/\/matransitionecologique.fr\/index.php\/wp-json\/wp\/v2\/types\/page"}],"author":[{"embeddable":true,"href":"https:\/\/matransitionecologique.fr\/index.php\/wp-json\/wp\/v2\/users\/1"}],"replies":[{"embeddable":true,"href":"https:\/\/matransitionecologique.fr\/index.php\/wp-json\/wp\/v2\/comments?post=5"}],"version-history":[{"count":1,"href":"https:\/\/matransitionecologique.fr\/index.php\/wp-json\/wp\/v2\/pages\/5\/revisions"}],"predecessor-version":[{"id":6,"href":"https:\/\/matransitionecologique.fr\/index.php\/wp-json\/wp\/v2\/pages\/5\/revisions\/6"}],"wp:attachment":[{"href":"https:\/\/matransitionecologique.fr\/index.php\/wp-json\/wp\/v2\/media?parent=5"}],"curies":[{"name":"wp","href":"https:\/\/api.w.org\/{rel}","templated":true}]}}